{"id":1691,"date":"2017-10-05T09:36:38","date_gmt":"2017-10-05T02:36:38","guid":{"rendered":"http:\/\/pisces.la-studioweb.com\/?page_id=1691"},"modified":"2023-11-29T15:24:38","modified_gmt":"2023-11-29T18:24:38","slug":"quienessomos","status":"publish","type":"page","link":"https:\/\/forensispsicojuridica.com\/quienessomos\/","title":{"rendered":"Quienes somos"},"content":{"rendered":"<section class=\"wpb-content-wrapper\"><p>[vc_row content_placement=&#8221;top&#8221;][vc_column][rev_slider_vc alias=&#8221;home-1&#8243; el_class=&#8221;margin-bottom-0&#8243;][\/vc_column][\/vc_row][vc_row full_width=&#8221;stretch_row_content_no_spaces&#8221; el_class=&#8221;la_row_gap_80&#8243;][vc_column width=&#8221;1\/4&#8243;][\/vc_column][vc_column width=&#8221;1\/2&#8243;][la_divider height=&#8221;lg:60px;md:20px;&#8221;][vc_column_text]<\/p>\n<p style=\"font-weight: 400; text-align: center;\"><span style=\"color: #536d6f; font-size: 12pt;\">Somos un equipo de <strong>profesionales de la Salud Mental<\/strong> que nos dedicamos al <strong>asesoramiento integral en el campo de la Psicolog\u00eda Jur\u00eddica y Forense<\/strong>, en sus diversos \u00e1mbitos.<\/span><\/p>\n<p>[\/vc_column_text][la_divider height=&#8221;lg:20px;md:50px;&#8221;][\/vc_column][vc_column width=&#8221;1\/4&#8243;][\/vc_column][\/vc_row][vc_row content_placement=&#8221;middle&#8221;][vc_column width=&#8221;1\/2&#8243;][la_divider height=&#8221;lg:80px;xs:40px;&#8221;][la_animation_block css_animation=&#8221;fadeIn&#8221; animation_duration=&#8221;1&#8243; animation_delay=&#8221;0&#8243; animation_iteration_count=&#8221;1&#8243;][vc_single_image image=&#8221;2034&#8243; img_size=&#8221;full&#8221; alignment=&#8221;center&#8221;][\/la_animation_block][la_divider height=&#8221;lg:80px;xs:40px;&#8221;][\/vc_column][vc_column width=&#8221;1\/2&#8243;][la_divider height=&#8221;lg:50px;xs:30px;&#8221;][vc_column_text]<\/p>\n<p style=\"font-weight: 400; text-align: justify;\"><span style=\"color: #536d6f; font-size: 12pt;\">Tambi\u00e9n contamos con<strong> profesionales especializados en Psiquiatr\u00eda Forense,<\/strong> brindando servicios de consultor\u00eda, evaluaci\u00f3n y diagn\u00f3stico en cuestiones inherentes a trastornos mentales y su implicancia jur\u00eddica.<\/span><\/p>\n<p style=\"text-align: justify;\"><span style=\"color: #536d6f; font-size: 12pt;\">Nuestro objetivo es brindar un servicio integral, eficiente y personalizado, atento a las caracter\u00edsticas de cada caso, y demandas particulares de los consultantes. Con un acompa\u00f1amiento y seguimiento atento e individualizado.<\/span><\/p>\n<p style=\"text-align: justify;\"><span style=\"color: #536d6f; font-size: 12pt;\">En este contexto en donde la Psicolog\u00eda y la Psiquiatr\u00eda se insertan en un \u00e1mbito que no es propio-el Jur\u00eddico-, con sus leyes, discursos y particularidades; la capacitaci\u00f3n, formaci\u00f3n y conocimiento de conceptos que atraviesan al mundo del derecho es fundamental. Siendo una pr\u00e1ctica que necesariamente demanda de conocimientos espec\u00edficos para operar en los distintos \u00e1mbitos jur\u00eddicos.<\/span><\/p>\n<p>[\/vc_column_text][la_divider height=&#8221;lg:20px;&#8221;][\/vc_column][\/vc_row][vc_row][vc_column width=&#8221;1\/6&#8243;][\/vc_column][vc_column width=&#8221;2\/3&#8243;][la_divider height=&#8221;lg:50px;xs:30px;&#8221;][vc_column_text]<\/p>\n<p style=\"font-weight: 400; text-align: center;\"><span style=\"color: #536d6f; font-size: 12pt;\">Es por esto, que contamos con profesionales especializados en el \u00e1rea, con una constante formaci\u00f3n, experiencia y compromiso por las pr\u00e1cticas y el ejercicio en el \u00e1mbito forense.<\/span><\/p>\n<p>[\/vc_column_text][la_divider height=&#8221;lg:50px;xs:30px;&#8221;][\/vc_column][vc_column width=&#8221;1\/6&#8243;][\/vc_column][\/vc_row][vc_row full_width=&#8221;stretch_row&#8221; css=&#8221;.vc_custom_1700186429186{background-color: #536d6f !important;}&#8221;][vc_column width=&#8221;1\/6&#8243;][\/vc_column][vc_column width=&#8221;2\/3&#8243;][la_divider height=&#8221;lg:50px;xs:30px;&#8221;][vc_custom_heading text=&#8221;Siempre atravesados por una actitud responsable y comprometida, y un comportamiento \u00e9tico, pilar de nuestra profesi\u00f3n.&#8221; font_container=&#8221;tag:h2|text_align:center|color:%23ffffff&#8221;][la_divider height=&#8221;lg:50px;xs:30px;&#8221;][la_btn title=&#8221;Contacto&#8221; style=&#8221;outline&#8221; shape=&#8221;round&#8221; color=&#8221;white&#8221; align=&#8221;center&#8221; link=&#8221;url:https%3A%2F%2Fforensispsicojuridica.com%2Fcontacto%2F|title:Contacto&#8221;][la_divider height=&#8221;lg:50px;xs:30px;&#8221;][\/vc_column][vc_column width=&#8221;1\/6&#8243;][\/vc_column][\/vc_row][vc_row content_placement=&#8221;middle&#8221;][vc_column width=&#8221;1\/2&#8243;][la_divider height=&#8221;lg:80px;xs:40px;&#8221;][la_animation_block css_animation=&#8221;fadeIn&#8221; animation_duration=&#8221;1&#8243; animation_delay=&#8221;0&#8243; animation_iteration_count=&#8221;1&#8243;][vc_single_image image=&#8221;2052&#8243; img_size=&#8221;full&#8221; alignment=&#8221;center&#8221;][\/la_animation_block][la_divider height=&#8221;lg:80px;xs:40px;&#8221;][\/vc_column][vc_column width=&#8221;1\/2&#8243;][la_divider height=&#8221;lg:50px;xs:30px;&#8221;][la_heading alignment=&#8221;left&#8221; title=&#8221;\u00bfPOR QU\u00c9 LA ELECCI\u00d3N DE NUESTRO NOMBRE?&#8221;][\/la_heading][la_divider height=&#8221;lg:50px;xs:30px;&#8221;][vc_column_text]<\/p>\n<p style=\"font-weight: 400; text-align: justify;\"><span style=\"color: #536d6f; font-size: 12pt;\">Seg\u00fan el Diccionario de la Real Academia Espa\u00f1ola, el t\u00e9rmino <strong>forense<\/strong> proviene del lat\u00edn <strong>Forensis<\/strong>; perteneciente o relativo al foro. Haciendo referencia, en la Antigua Roma, a las plazas donde se trataban los negocios p\u00fablicos y se celebraban los juicios, actualmente denominados Tribunales o Fueros. \u00c1mbito central de nuestro desempe\u00f1o profesional.<\/span><\/p>\n<p style=\"font-weight: 400; text-align: justify;\"><span style=\"color: #536d6f; font-size: 12pt;\"> Es por esta raz\u00f3n, y ya que nuestros servicios profesionales principalmente abarcan formas de actuaci\u00f3n profesional de la Psicolog\u00eda y de la Psiquiatr\u00eda relacionadas al asesoramiento y praxis en los diversos fueros, que elegimos este nombre: FORENSIS<\/span><\/p>\n<p>[\/vc_column_text][la_divider height=&#8221;lg:20px;&#8221;][\/vc_column][\/vc_row][vc_row][vc_column][la_divider height=&#8221;lg:60px;&#8221;][\/vc_column][\/vc_row]<\/p>\n<\/section>","protected":false},"excerpt":{"rendered":"<p>[vc_row content_placement=&#8221;top&#8221;][vc_column][rev_slider_vc alias=&#8221;home-1&#8243; el_class=&#8221;margin-bottom-0&#8243;][\/vc_column][\/vc_row][vc_row full_width=&#8221;stretch_row_content_no_spaces&#8221; el_class=&#8221;la_row_gap_80&#8243;][vc_column width=&#8221;1\/4&#8243;][\/vc_column][vc_column width=&#8221;1\/2&#8243;][la_divider height=&#8221;lg:60px;md:20px;&#8221;][vc_column_text] Somos un equipo de profesionales de la Salud Mental que nos dedicamos al asesoramiento integral en el campo de la Psicolog\u00eda Jur\u00eddica y Forense, en sus diversos \u00e1mbitos. [\/vc_column_text][la_divider height=&#8221;lg:20px;md:50px;&#8221;][\/vc_column][vc_column width=&#8221;1\/4&#8243;][\/vc_column][\/vc_row][vc_row content_placement=&#8221;middle&#8221;][vc_column width=&#8221;1\/2&#8243;][la_divider height=&#8221;lg:80px;xs:40px;&#8221;][la_animation_block css_animation=&#8221;fadeIn&#8221; animation_duration=&#8221;1&#8243; animation_delay=&#8221;0&#8243; animation_iteration_count=&#8221;1&#8243;][vc_single_image image=&#8221;2034&#8243; img_size=&#8221;full&#8221; alignment=&#8221;center&#8221;][\/la_animation_block][la_divider height=&#8221;lg:80px;xs:40px;&#8221;][\/vc_column][vc_column width=&#8221;1\/2&#8243;][la_divider height=&#8221;lg:50px;xs:30px;&#8221;][vc_column_text] Tambi\u00e9n contamos con profesionales especializados en Psiquiatr\u00eda&hellip;<\/p>\n","protected":false},"author":1,"featured_media":0,"parent":0,"menu_order":0,"comment_status":"closed","ping_status":"closed","template":"","meta":{"_joinchat":[],"footnotes":""},"class_list":["post-1691","page","type-page","status-publish","hentry"],"_links":{"self":[{"href":"https:\/\/forensispsicojuridica.com\/index.php\/wp-json\/wp\/v2\/pages\/1691","targetHints":{"allow":["GET"]}}],"collection":[{"href":"https:\/\/forensispsicojuridica.com\/index.php\/wp-json\/wp\/v2\/pages"}],"about":[{"href":"https:\/\/forensispsicojuridica.com\/index.php\/wp-json\/wp\/v2\/types\/page"}],"author":[{"embeddable":true,"href":"https:\/\/forensispsicojuridica.com\/index.php\/wp-json\/wp\/v2\/users\/1"}],"replies":[{"embeddable":true,"href":"https:\/\/forensispsicojuridica.com\/index.php\/wp-json\/wp\/v2\/comments?post=1691"}],"version-history":[{"count":19,"href":"https:\/\/forensispsicojuridica.com\/index.php\/wp-json\/wp\/v2\/pages\/1691\/revisions"}],"predecessor-version":[{"id":2111,"href":"https:\/\/forensispsicojuridica.com\/index.php\/wp-json\/wp\/v2\/pages\/1691\/revisions\/2111"}],"wp:attachment":[{"href":"https:\/\/forensispsicojuridica.com\/index.php\/wp-json\/wp\/v2\/media?parent=1691"}],"curies":[{"name":"wp","href":"https:\/\/api.w.org\/{rel}","templated":true}]}}